+ -11 - 7)
16
What is 1 - (0 - -1) - -8 - (-3182 + 3192)?
-2
What is the value of (3 - 3) + -13 + (4 - (7 - 4))?
-12
What is 4 + 0 - 8 - (6 + -10) - -12?
12
-17 + (8 - (34 + -16))
-27
Calculate 2 - 4 - 13 - (-32 + 14).
3
What is the value of -7 - (-1 - -3) - (4 + (-18 - -12))?
-7
Calculate 1 - 13 - (2 - (12 + -10)).
-12
Evaluate 254 - 253 - (10 + 3).
-12
Calculate 34 + (38 - 42) - -2.
32
Evaluate -3 + (-3 - (1 - 9)).
2
Evaluate 19 + -5 + -8 - 10.
-4
Evaluate -6 - 1 - 8 - (0 + (8 - 1)).
-22
Evaluate -47 - (30 + -34 + -8 + -8).
-27
-32 + 29 + 25 + -24
-2
Evaluate (9 - (9 + 11 + -10)) + -6 - 20.
-27
Evaluate -10 - 0 - (4 + (-17 - -28) + -8).
-17
What is the value of 0 + (2 - ((3 + 34 - -9) + -9))?
-35
Calculate 2 - (1 + (-2 - (3 - -2 - 1))).
7
Calculate -26 + (19 - 8) + 17.
2
What is -5 + (-6 + 5 - -3 - -6) + -4?
-1
Calculate -1 + 8 - (-20 + 21) - 7.
-1
Evaluate -12 + -6 + 13 - 0.
-5
Evaluate (12 + -28 + 4 - 0) + 13.
1
What is the value of (1 - 5) + (-14 - 2) + (7 - 7)?
-20
-2 - (-3 - -2) - (-38 + 37)
0
-14 - (-21 + -2 + 1)
8
2 - (12 + -15) - -7 - (-4 + -6)
22
What is (8 - (14 + -10 + -3)) + -10?
-3
What is (-3 + -1 - (-11 + 9 - 7)) + 1?
6
What is -223 + 207 + (2 - -5)?
-9
15 + 3 + (-19 - -8)
7
What is -14 + -25 + 67 + -4?
24
What is (20 - (26 + -22)) + 6 + (2 - 3)?
21
Evaluate (6 - ((5 - -4) + 0)) + -8.
-11
Calculate -7 + (10 - (-10 + 7 + 16)).
-10
What is the value of 2 - -32 - (144 - 84)?
-26
Calculate -20 + (-20 - -24) - -42.
26
(1 - 2 - -12) + 83 + -21 + -50
23
Evaluate 6 + (5 - 5 - -3).
9
8 + 2 - (36 + (36 - 68))
6
What is -6 + (-25 - -12) + 11 + 11?
3
What is (-8 + 11 - -4) + -3 + (0 - -2)?
6
Evaluate (-2 - 0) + -19 + (-495 - -497).
-19
What is the value of (-5 - 12) + 32 - -4?
19
Calculate (-22 - -1 - 1) + (-15 - (-13 + -7)).
-17
What is 166 + -171 + (2 - (1 + (24 - 4)))?
-24
What is -25 + (-8 - -17 - -6)?
-10
-25 + 17 + -21 - -2
-27
9 - (15 + -3 + (-6 - 3))
6
Calculate (14 - (-1 - (3 + -8))) + (13 - 20).
3
(4 - (-3 - -10)) + (49 - 44) - 21
-19
What is the value of -37 + 24 + 8 + -23?
-28
3 + -7 - (-6 + (5 - -2)) - -10
5
Evaluate (10 - -2) + 242 + -248.
6
What is -7 + 9 + -1 + -7 + (-8 - -3)?
-11
3 - (-10 - (-10 - -1))
4
-33 + 29 + (6 - 0)
2
What is -44 + 49 + (-37 - 5)?
-37
What is the value of (12 - ((15 - 9) + -14)) + 17?
37
(-3 + -1 + 2 - 2) + -116 + 115
-5
Evaluate 2 - (-4 - 4 - (2 + 0 + -8)).
4
Calculate 11 + 1 + (-8 - (53 + -73)).
24
5 - ((2 - (-3 - -9)) + 13)
-4
3 + (2 - 8) - (6 - 13)
4
What is the value of 11 + -13 + 39 + -55?
-18
What is the value of 0 + -22 + 263 + -251?
-10
-3 - 9 - -13 - 12
-11
29 + (24 - 18) + -60
-25
(-41 - (8 + 3 - 20)) + 14
-18
What is the value of -18 + 1 + -6 + (-86 - -106)?
-3
Calculate -8 + 6 + 7 - 0.
5
What is the value of 13 - 8 - 2 - (0 + -2 + 1)?
4
What is -23 + 6 - (-6 + -4 + 5 + -1)?
-11
Calculate (84 - 96) + (-2 - -1 - (-3 - -1)).
-11
What is 58 + -58 + 1 + (2 - 1)?
2
-17 + 21 + 15 + -5
14
What is 648 + -682 - (-62 - 0)?
28
What is 21 + (-6 - -12) - 14?
13
What is (6 - 14) + 16 + -12?
-4
-8 + -12 + -3 - -16
-7
Calculate -5 + 25 + -10 + -6.
4
Evaluate 22 - 39 - (-31 - 1).
15
What is (57 - 2) + 121 + -143?
33
What is 1 + -24 + 5 + 12 + 8?
2
Evaluate (0 - (11 - -6 - 8)) + 45.
36
What is the value of 101 + -108 + -6 + 2?
-11
What is 16 + (9 - 8) + -12?
5
(3 + -27 - -2 - (21 + -26)) + 6
-11
What is -7 - (7 + -23 + 28 + (-8 - -2))?
-13
16 + (8 - 28) + -8
-12
What is the value of 4 + (-13 - (-3 - 8)) + 6?
8
Evaluate 120 + -107 - (37 - 5).
-19
What is -10 + (-1 - 7) + (-87 - -95)?
-10
Evaluate (-8 - -4) + 8 + 5 + -11.
-2
(-2 + -1 + 5 - (11 + -15)) + -7
-1
2 + 4 + -8 + (18 - 11)
5
What is 20 - 57 - -26 - (-2 - 14)?
5
(8 - -11) + (5 - 10) + (1 - -1)
16
What is the value of (-2 - -4) + -22 + 20 + 15?
15
What is the value of (15 + -3 - 6) + (-5 - 16 - -3)?
-12
Calculate -15 - (-19 + 8) - -10.
6
Evaluate 4 - -1 - 0 - (69 - 71) - 4.
3
What is (-10 - (3 + -1 + -11 + 7)) + -8?
-16
Calculate -4 + (-3 - (0 + -9 - -4)).
-2
What is the value of 4 - (-9 + 7 + -12 + 2)?
16
Calculate (11 - 6) + 5 - 20.
-10
What is the value of (-29 - 0) + 8 + 14?
-7
What is the value of (-17 - -6) + 0 + -7?
-18
What is the value of -3 + (-5 - -10) + -12 + 7 + -2?
-5
What is 3 + -7 - (5 - (3 + -4)) - -9?
-1
Calculate -6 - (5 - (-13 + 19) - (2 - 0)).
-3
Calculate -4 - -21 - (-99 - -125) - (23 - 1).
-31
What is -1 - 1 - -9 - (-14 - (-39 - -25))?
7
What is (13 - (-5 - -9)) + -14 + -2?
-7
-26 - ((-63 - -27) + 2)
8
Calculate 8 - (-4 + 8) - 13.
-9
What is the value of 15 + (1 + 2 - (-186 + 182))?
22
What is 8 - (-7 - (5 + -11 - -3))?
12
Calculate (-4 + 9 + -15 - (-1 - 8)) + -5.
-6
What is -14 + 11 + (-10 - 0) - -31?
18
Calculate -90 + 65 + (18 - -1).
-6
Evaluate 1 - 1 - (4 - ((13 - 5) + 7)).
11
1 - 13 - (14 - (2 - -4))
-20
0 + 6 + (11 - 21)
-4
Evaluate -13 - (33 + -15 + -10).
-21
-9 - (-5 - 0) - (-1 + -6 - -16)
-13
11 + 0 - (-33 + 38 - 1)
7
-2 + 3 + -18 + (15 - -2) - 5
-5
Evaluate -11 + 2 - (-10 + 13 - 8).
-4
19 - (12 + -2) - (1 + -2 + -2)
12
What is the value of (12 - 7) + -1 + (4 - -3)?
11
What is 1 + (-3 - ((4 - -4) + -5))?
-5
Evaluate (-1 - -2) + -3 - (18 + -104 - -81).
3
What is -3 + 2 - (-2 - ((-11 - -10) + 0))?
0
What is the value of 7 + 1 + (-8 - -6 - -1) + 2?
9
Evaluate (7 - ((-7 - 3) + 18)) + -3.
-4
What is -3 + 1 + 10 + 8 - 35?
-19
Calculate -9 - 0 - -8 - 7.
-8
Evaluate -44 - ((-11 - -14) + -27).
-20
What is 3 - (-3 + 7 + -13)?
12
What is the value of (-6 + -1 + -9 - -11) + -7?
-12
Calculate -1 + -1 + 8 + -5 + (76 - 100).
-23
What is the value of -254 - -257 - (-1 + -3 + 0)?
7
What is -4 + -2 - (4 - (-13 - -4) - 12)?
-7
What is the value of (13 - -3) + 2 + -2 - 4?
12
Calculate (-3 + (3 - 7) - (-27 + -10)) + -1.
29
-20 - (-14 + (-11 - (-9 + -14) - 6))
-12
Calculate -124 - -138 - (23 + 0).
-9
7 + -25 - -6 - (-2 + 9)
-19
Evaluate -3 + (11 - (18 + 7 + 2)) + 10.
-9
Evaluate (-1 - -10) + 24 + 15 + -40.
8
0 + -17 + (52 - 36)
-1
What is the value of (4 + -17 - -5) + 21?
13
What is (7 - -9) + 3 - 4?
15
(52 - 41) + (9 + -6 - (0 + -5))
19
Evaluate 23 - (19 + -9 + -4 - (-3 + -1)).
13
Calculate (-16 - -3 - -13) + -7 - (-10 - -1).
2
What is 41 - (21 - -4 - -8)?
8
Evaluate 3 + -23 + 8 - (2 - -5).
-19
Calculate (4 - 10 - 6) + -4 - -7.
-9
What is the value of (20 - (2 - 10)) + -24?
4
What is the value of 21 + (-23 - -4) - (1 + 1 + 5)?
-5
What is the value of 5 + 3 + 4 - 14?
-2
What is the value of 10 + -22 + 3 + -1 + -10?
-20
What is -6 + -1 - (4 + (-18 - -6) + 5)?
-4
16 + 12 + -12 - 22
-6
3 - (17 + -31 + 26)
-9
What is (5 - (-6 + 0)) + -4 - (-2 - -12)?
-3
What is 11 + (-16 + -3 - -25)?
17
Evaluate (-6 + -9 + 14 - 4) + 15.
10
Evaluate -11 + -12 + (-8 - -25).
-6
Calculate 11 + 2 - (1 + -9 - -9 - 0).
12
What is the value of -31 + 72 + 9 + -42?
8
What is 0 + 13 - (19 - (4 + 15))?
13
What is 3 + (9 - 3) - (43 - 41)?
7
What is the value of 1 - -2 - (-7 - -4 - 1)?
7
What is 6 - (-7 - 6 - -10)?
9
Evaluate 11 + -52 + 4 + 48.
11
0 - (13 + (6 - 4) + -9)
-6
What is 9 + -4 + -9 + 0?
-4
Evaluate -3 + (-8 - -9) + -8 - 3 - 2.
-15
-1 + -1 - (-37 + 31)
4
What is 21 + -20 - (-2 - 5) - 19?
-11
Calculate -11 + 3 + 6 + 7.
5
25 + -13 - -1 - 12
1
Evaluate (-1 + (0 - 4) - (569 - 577)) + 14.
17
What is (-3 - (6 - (-2 - -4))) + -5 + 12?
0
What is 2 + -16 + (34 - 30)?
-10
Evaluate (31 - 36) + 47 + -5 - 18.
19
Calculate -22 + 10 + (4 - -14).
6
What is the value of (284 - 290) + (-1 - -11)?
4
Calculate 8 + (-6 - -11) - 27.
-14
What is (-27 - -21) + 5 + -2?
-3
4 - (1 + -3 - -2 - 4 - 2)
10
3 + -7 - 0 - (5 + -10) - 6
-5
21 - 37 - (-4 + 0 - (1 + -6))
-17
What is 15 - 20 - (-21 - 1) - -3?
20
What is (-1 + 9 - 3) + (21 - 13 - 5)?
8
What is the value of -15 + 30 + 24 - 35?
4
What is the value of (-21 - (9 - 5)) + 14?
-11
Calculate 1 + -4 - -10 - (-16 + 32).
-9
Calculate -6 + -4 + 9 + 1 + (-33 - -34).
1
Evaluate -1 - (-3 + 5) - (3 - (15 - 0)).
9
-11 + 9 + 8 + 3
9
Calculate -89 + 87 - (-2 - (-4 - -3)).
-1
Evaluate 166 + -181 - (1 + -8).
-8
What is 6 + -19 - -16 - -9?
12
What is the value of -16 + 31 + -46 + 28?
-3
What is 38 - 22 - (6 - 1) - -2?
13
Evaluate 8 + -18 - (-5 + -1) - 9.
-13
What is (1 - 5) + (-25 - (-31 - -25))?
-23
-1 - (1 + 5) - (95 - (-112 + 210))
-4
What is the value of 25 + 0 + 6 + (88 - 105)?
14
Evaluate (-6 - -18) + -8 + 1 + -25 - 7.
-27
Evaluate 17 + (-30 - 1